29, 31, 71
What are the prime factors of 3990?
2, 3, 5, 7, 19
What are the prime factors of 25724?
2, 59, 109
What are the prime factors of 889?
7, 127
List the prime factors of 4663.
4663
What are the prime factors of 7285?
5, 31, 47
List the prime factors of 1059.
3, 353
List the prime factors of 496.
2, 31
List the prime factors of 4434.
2, 3, 739
List the prime factors of 8194.
2, 17, 241
List the prime factors of 234.
2, 3, 13
List the prime factors of 2901.
3, 967
List the prime factors of 130682.
2, 19, 181
What are the prime factors of 161197?
331, 487
List the prime factors of 7380.
2, 3, 5, 41
List the prime factors of 11779.
11779
What are the prime factors of 4470?
2, 3, 5, 149
List the prime factors of 6317.
6317
What are the prime factors of 8265?
3, 5, 19, 29
List the prime factors of 963.
3, 107
What are the prime factors of 52500?
2, 3, 5, 7
What are the prime factors of 758?
2, 379
What are the prime factors of 17500?
2, 5, 7
What are the prime factors of 11119?
11119
What are the prime factors of 6277?
6277
List the prime factors of 2360.
2, 5, 59
What are the prime factors of 12382?
2, 41, 151
List the prime factors of 60350.
2, 5, 17, 71
What are the prime factors of 10452?
2, 3, 13, 67
List the prime factors of 4372.
2, 1093
List the prime factors of 14360.
2, 5, 359
List the prime factors of 7801.
29, 269
What are the prime factors of 97974?
2, 3, 5443
List the prime factors of 3560.
2, 5, 89
List the prime factors of 13856.
2, 433
List the prime factors of 701.
701
List the prime factors of 3425.
5, 137
What are the prime factors of 17637?
3, 5879
What are the prime factors of 1319?
1319
List the prime factors of 763.
7, 109
What are the prime factors of 748?
2, 11, 17
What are the prime factors of 45556?
2, 7, 1627
What are the prime factors of 11524?
2, 43, 67
What are the prime factors of 5492?
2, 1373
List the prime factors of 14692.
2, 3673
What are the prime factors of 13524?
2, 3, 7, 23
List the prime factors of 1844.
2, 461
List the prime factors of 1028.
2, 257
What are the prime factors of 802?
2, 401
What are the prime factors of 16610?
2, 5, 11, 151
What are the prime factors of 61717?
61717
What are the prime factors of 22649?
11, 29, 71
What are the prime factors of 3340?
2, 5, 167
List the prime factors of 2467.
2467
What are the prime factors of 2506?
2, 7, 179
What are the prime factors of 125?
5
What are the prime factors of 804?
2, 3, 67
List the prime factors of 2585.
5, 11, 47
List the prime factors of 16758.
2, 3, 7, 19
What are the prime factors of 7150?
2, 5, 11, 13
What are the prime factors of 1194?
2, 3, 199
List the prime factors of 3172.
2, 13, 61
What are the prime factors of 10151?
10151
List the prime factors of 15288.
2, 3, 7, 13
List the prime factors of 51251.
53, 967
What are the prime factors of 31425?
3, 5, 419
What are the prime factors of 17263?
61, 283
What are the prime factors of 703?
19, 37
What are the prime factors of 69?
3, 23
What are the prime factors of 1409?
1409
What are the prime factors of 9885?
3, 5, 659
List the prime factors of 1337.
7, 191
What are the prime factors of 3907?
3907
What are the prime factors of 111671?
7, 43, 53
List the prime factors of 757.
757
List the prime factors of 50280.
2, 3, 5, 419
What are the prime factors of 1515?
3, 5, 101
List the prime factors of 15318.
2, 3, 23, 37
What are the prime factors of 43640?
2, 5, 1091
What are the prime factors of 1359?
3, 151
What are the prime factors of 18568?
2, 11, 211
List the prime factors of 11355.
3, 5, 757
What are the prime factors of 830?
2, 5, 83
List the prime factors of 2493.
3, 277
List the prime factors of 73234.
2, 7, 5231
List the prime factors of 99911.
7, 2039
What are the prime factors of 990?
2, 3, 5, 11
What are the prime factors of 27098?
2, 17, 797
List the prime factors of 656.
2, 41
What are the prime factors of 1374?
2, 3, 229
What are the prime factors of 1423?
1423
What are the prime factors of 8647?
8647
List the prime factors of 2340.
2, 3, 5, 13
List the prime factors of 2627.
37, 71
What are the prime factors of 5408?
2, 13
List the prime factors of 18634.
2, 7, 11
What are the prime factors of 878?
2, 439
What are the prime factors of 16710?
2, 3, 5, 557
List the prime factors of 1608.
2, 3, 67
List the prime factors of 55615.
5, 7, 227
List the prime factors of 2188.
2, 547
What are the prime factors of 49047?
3, 16349
What are the prime factors of 13048?
2, 7, 233
List the prime factors of 6816.
2, 3, 71
What are the prime factors of 315?
3, 5, 7
List the prime factors of 3284.
2, 821
What are the prime factors of 44975?
5, 7, 257
What are the prime factors of 1075?
5, 43
List the prime factors of 53518.
2, 26759
What are the prime factors of 25802?
2, 7, 19, 97
What are the prime factors of 15690?
2, 3, 5, 523
List the prime factors of 31484.
2, 17, 463
What are the prime factors of 2086?
2, 7, 149
List the prime factors of 22189.
22189
What are the prime factors of 391?
17, 23
What are the prime factors of 20480?
2, 5
List the prime factors of 53818.
2, 71, 379
What are the prime factors of 9029?
9029
What are the prime factors of 6284?
2, 1571
What are the prime factors of 31398?
2, 3, 5233
List the prime factors of 174.
2, 3, 29
What are the prime factors of 190?
2, 5, 19
List the prime factors of 757.
757
List the prime factors of 28526.
2, 17, 839
List the prime factors of 307.
307
What are the prime factors of 28678?
2, 13, 1103
List the prime factors of 3066.
2, 3, 7, 73
What are the prime factors of 38155?
5, 13, 587
List the prime factors of 5688.
2, 3, 79
List the prime factors of 83975.
5, 3359
List the prime factors of 159393.
3, 13, 61, 67
What are the prime factors of 4547?
4547
List the prime factors of 211.
211
List the prime factors of 427.
7, 61
List the prime factors of 7562.
2, 19, 199
List the prime factors of 3771.
3, 419
List the prime factors of 5823.
3, 647
List the prime factors of 280.
2, 5, 7
List the prime factors of 16729.
16729
List the prime factors of 67.
67
List the prime factors of 11623.
59, 197
What are the prime factors of 46305?
3, 5, 7
What are the prime factors of 46267?
13, 3559
What are the prime factors of 31388?
2, 7, 19, 59
List the prime factors of 1397.
11, 127
What are the prime factors of 6844?
2, 29, 59
List the prime factors of 13273.
13, 1021
What are the prime factors of 1750?
2, 5, 7
List the prime factors of 27327.
3, 9109
What are the prime factors of 1005?
3, 5, 67
List the prime factors of 1809.
3, 67
What are the prime factors of 21366?
2, 3, 1187
List the prime factors of 5930.
2, 5, 593
What are the prime factors of 622?
2, 311
List the prime factors of 1729.
7, 13, 19
What are the prime factors of 1905?
3, 5, 127
List the prime factors of 13640.
2, 5, 11, 31
List the prime factors of 6618.
2, 3, 1103
List the prime factors of 9315.
3, 5, 23
List the prime factors of 918.
2, 3, 17
List the prime factors of 22239.
3, 7, 353
List the prime factors of 26226.
2, 3, 31, 47
List the prime factors of 2433.
3, 811
What are the prime factors of 1793?
11, 163
What are the prime factors of 83976?
2, 3, 3499
List the prime factors of 28994.
2, 7, 19, 109
What are the prime factors of 2094?
2, 3, 349
What are the prime factors of 2202?
2, 3, 367
What are the prime factors of 1161?
3, 43
List the prime factors of 178.
2, 89
What are the prime factors of 47366?
2, 11, 2153
List the prime factors of 92656.
2, 5791
List the prime factors of 83.
83
What are the prime factors of 818?
2, 409
List the prime factors of 1250.
2, 5
List the prime factors of 168265.
5, 73, 461
List the prime factors of 464.
2, 29
List the prime factors of 2849.
7, 11, 37
List the prime factors of 3172.
2, 13, 61
What are the prime factors of 6886?
2, 11, 313
What are the prime factors of 120987?
3, 4481
What are the prime factors of 15278?
2, 7639
What are the prime factors of 5354?
2, 2677
What are the prime factors of 77808?
2, 3, 1621
What are the prime factors of 3262?
2, 7, 233
List the prime factors of 1279.
1279
What are the prime factors of 293?
293
What are the prime factors of 239?
239
List the prime factors of 5037.
3, 23, 73
What are the prime factors of 20078?
2, 10039
List the prime factors of 1452.
2, 3, 11
List the prime fact